{"id":1025,"date":"2019-04-26T21:42:48","date_gmt":"2019-04-26T19:42:48","guid":{"rendered":"https:\/\/www.bergl2019.eu\/?page_id=1025"},"modified":"2019-04-30T10:32:04","modified_gmt":"2019-04-30T08:32:04","slug":"melk-benediktinerstift-obere-bibliothekssaele-2","status":"publish","type":"page","link":"https:\/\/www.bergl2019.eu\/cs\/orte-des-schaffens\/melk-benediktinerstift-obere-bibliothekssaele-2\/","title":{"rendered":"Melk, Benediktinerstift, Obere Bibliothekss\u00e4le"},"content":{"rendered":"\n<p>In der Klosterbibliothek des Benediktinerstiftes erfolgte in den Jahren 1767\/68 die malerische Ausstattung der Oberen Bibliotheksr\u00e4ume, der Oberen G\u00e4stezimmer und des nicht mehr erhaltenen Theaters. <\/p>\n\n\n\n<p>In der Oberen Bibliothek nahm Bergl Bezug auf die Funktion der R\u00e4ume wie die Aufnahme der Mineralien-, Conchylien- und M\u00fcnzsammlung und pr\u00e4sentierte einzelne ausgew\u00e4hlte Exemplare am Fresco. Ein Putto, der stolz seinen Fisch herzeigt, phantastische Meerestiere, Apoll und die Musen geziert von zarten Bl\u00e4ttergirlanden finden sich in den S\u00e4len. <br><\/p>\n\n\n\n<figure class=\"wp-block-image\"><img loading=\"lazy\" width=\"1024\" height=\"576\" src=\"https:\/\/www.bergl2019.eu\/wp-content\/uploads\/2019\/04\/20180716_120903-1024x576.jpg\" alt=\"\" class=\"wp-image-991\" srcset=\"https:\/\/www.bergl2019.eu\/wp-content\/uploads\/2019\/04\/20180716_120903-1024x576.jpg 1024w, https:\/\/www.bergl2019.eu\/wp-content\/uploads\/2019\/04\/20180716_120903-300x169.jpg 300w, https:\/\/www.bergl2019.eu\/wp-content\/uploads\/2019\/04\/20180716_120903-768x432.jpg 768w\" sizes=\"(max-width: 767px) 89vw, (max-width: 1000px) 54vw, (max-width: 1071px) 543px, 580px\" \/><figcaption>Stift Melk, Oberer Bibliothekssaal, Christine Fischeneder-Meiseneder<\/figcaption><\/figure>\n\n\n\n<div class=\"wp-block-image\"><figure class=\"alignright is-resized\"><img loading=\"lazy\" src=\"https:\/\/www.bergl2019.eu\/wp-content\/uploads\/2019\/04\/grafik.png\" alt=\"\" class=\"wp-image-994\" width=\"169\" height=\"312\" srcset=\"https:\/\/www.bergl2019.eu\/wp-content\/uploads\/2019\/04\/grafik.png 169w, https:\/\/www.bergl2019.eu\/wp-content\/uploads\/2019\/04\/grafik-163x300.png 163w\" sizes=\"(max-width: 169px) 100vw, 169px\" \/><figcaption>Oberer Bibliothekssaal, C. Fischeneder-Meiseneder<\/figcaption><\/figure><\/div>\n\n\n\n<p>Illusionistische Architekturen wie das Portal im Oberen Bibliothekssaal und beim Treppenaufgang stammen ebenso von Johann Wenzel Bergl.<\/p>\n\n\n<p><!--EndFragment--><\/p>\n<p><\/p>","protected":false},"excerpt":{"rendered":"<p>In der Klosterbibliothek des Benediktinerstiftes erfolgte in den Jahren 1767\/68 die malerische Ausstattung der Oberen Bibliotheksr\u00e4ume, der Oberen G\u00e4stezimmer und des nicht mehr erhaltenen Theaters. In der Oberen Bibliothek nahm Bergl Bezug auf die Funktion der R\u00e4ume wie die Aufnahme der Mineralien-, Conchylien- und M\u00fcnzsammlung und pr\u00e4sentierte einzelne ausgew\u00e4hlte Exemplare am Fresco. Ein Putto, der &hellip; <\/p>\n<p class=\"link-more\"><a href=\"https:\/\/www.bergl2019.eu\/cs\/orte-des-schaffens\/melk-benediktinerstift-obere-bibliothekssaele-2\/\" class=\"more-link\">Pokra\u010dovat ve \u010dten\u00ed<span class=\"screen-reader-text\"> &#8222;Melk, Benediktinerstift, Obere Bibliothekss\u00e4le&#8220;<\/span><\/a><\/p>\n","protected":false},"author":5,"featured_media":0,"parent":318,"menu_order":0,"comment_status":"closed","ping_status":"closed","template":"","meta":[],"_links":{"self":[{"href":"https:\/\/www.bergl2019.eu\/cs\/wp-json\/wp\/v2\/pages\/1025"}],"collection":[{"href":"https:\/\/www.bergl2019.eu\/cs\/wp-json\/wp\/v2\/pages"}],"about":[{"href":"https:\/\/www.bergl2019.eu\/cs\/wp-json\/wp\/v2\/types\/page"}],"author":[{"embeddable":true,"href":"https:\/\/www.bergl2019.eu\/cs\/wp-json\/wp\/v2\/users\/5"}],"replies":[{"embeddable":true,"href":"https:\/\/www.bergl2019.eu\/cs\/wp-json\/wp\/v2\/comments?post=1025"}],"version-history":[{"count":2,"href":"https:\/\/www.bergl2019.eu\/cs\/wp-json\/wp\/v2\/pages\/1025\/revisions"}],"predecessor-version":[{"id":1047,"href":"https:\/\/www.bergl2019.eu\/cs\/wp-json\/wp\/v2\/pages\/1025\/revisions\/1047"}],"up":[{"embeddable":true,"href":"https:\/\/www.bergl2019.eu\/cs\/wp-json\/wp\/v2\/pages\/318"}],"wp:attachment":[{"href":"https:\/\/www.bergl2019.eu\/cs\/wp-json\/wp\/v2\/media?parent=1025"}],"curies":[{"name":"wp","href":"https:\/\/api.w.org\/{rel}","templated":true}]}}

Melk, Benediktinerstift, Obere Bibliothekssäle

<p>In der Klosterbibliothek des Benediktinerstiftes erfolgte in den Jahren 1767/68 die malerische Ausstattung der Oberen Bibliotheksräume, der Oberen Gästezimmer und des nicht mehr erhaltenen Theaters. </p>



<p>In der Oberen Bibliothek nahm Bergl Bezug auf die Funktion der Räume wie die Aufnahme der Mineralien-, Conchylien- und Münzsammlung und präsentierte einzelne ausgewählte Exemplare am Fresco. Ein Putto, der stolz seinen Fisch herzeigt, phantastische Meerestiere, Apoll und die Musen geziert von zarten Blättergirlanden finden sich in den Sälen. <br></p>



<figure class="wp-block-image"><img loading="lazy" width="1024" height="576" src="https://www.bergl2019.eu/wp-content/uploads/2019/04/20180716_120903-1024x576.jpg" alt="" class="wp-image-991" srcset="https://www.bergl2019.eu/wp-content/uploads/2019/04/20180716_120903-1024x576.jpg 1024w, https://www.bergl2019.eu/wp-content/uploads/2019/04/20180716_120903-300x169.jpg 300w, https://www.bergl2019.eu/wp-content/uploads/2019/04/20180716_120903-768x432.jpg 768w" sizes="(max-width: 767px) 89vw, (max-width: 1000px) 54vw, (max-width: 1071px) 543px, 580px" /><figcaption>Stift Melk, Oberer Bibliothekssaal, Christine Fischeneder-Meiseneder</figcaption></figure>



<div class="wp-block-image"><figure class="alignright is-resized"><img loading="lazy" src="https://www.bergl2019.eu/wp-content/uploads/2019/04/grafik.png" alt="" class="wp-image-994" width="169" height="312" srcset="https://www.bergl2019.eu/wp-content/uploads/2019/04/grafik.png 169w, https://www.bergl2019.eu/wp-content/uploads/2019/04/grafik-163x300.png 163w" sizes="(max-width: 169px) 100vw, 169px" /><figcaption>Oberer Bibliothekssaal, C. Fischeneder-Meiseneder</figcaption></figure></div>



<p>Illusionistische Architekturen wie das Portal im Oberen Bibliothekssaal und beim Treppenaufgang stammen ebenso von Johann Wenzel Bergl.</p>


<p><!--EndFragment--></p>
<p></p>

<p>In der Klosterbibliothek des Benediktinerstiftes erfolgte in den Jahren 1767/68 die malerische Ausstattung der Oberen Bibliotheksräume, der Oberen Gästezimmer und des nicht mehr erhaltenen Theaters. In der Oberen Bibliothek nahm Bergl Bezug auf die Funktion der Räume wie die Aufnahme der Mineralien-, Conchylien- und Münzsammlung und präsentierte einzelne ausgewählte Exemplare am Fresco. Ein Putto, der &hellip; </p>
<p class="link-more"><a href="https://www.bergl2019.eu/cs/orte-des-schaffens/melk-benediktinerstift-obere-bibliothekssaele-2/" class="more-link">Pokračovat ve čtení<span class="screen-reader-text"> &#8222;Melk, Benediktinerstift, Obere Bibliothekssäle&#8220;</span></a></p>
